= 2*a + 5*q - 3949. Calculate the remainder when a is divided by 28.
27
Let r(j) = 3*j - 4. Let p(i) = -2 + 11*i**3 + i**3 - i + i + i**2. Calculate the remainder when r(8) is divided by p(1).
9
Let c(f) = -14*f - 23 + 10*f + 10. Suppose 5*s + 31 = 4*k, 3*s + 11 = 2*s - 4*k. What is the remainder when c(s) is divided by 9?
6
Suppose -11*i + 4*i + 133 = 0. Suppose 0*w + w = i. Calculate the remainder when w is divided by 10.
9
Suppose 0 = 37*f - 40*f + 357. Let c = -47 - -87. Calculate the remainder when f is divided by c.
39
Let s be -1 + (-2 - (0 - 2)). Let l(v) = 5*v**2 + v. Let y be l(s). Suppose i = -y*i + 285. Calculate the remainder when i is divided by 15.
12
Let h(m) = 2*m**2 + 9*m + 5. Let w = -837 - -851. Calculate the remainder when h(-7) is divided by w.
12
Let z(b) = -b**3 - 5*b**2 + 12*b + 17. What is the remainder when 402 is divided by z(-7)?
30
Suppose -3*i = -3*n + 117, i = -4*n - 10 - 9. Let s(p) = -15*p - 1. Let c be s(1). Let o = c - i. Calculate the remainder when 74 is divided by o.
17
Suppose 90*h - 3654 = 81*h. Calculate the remainder when h is divided by 59.
52
Suppose 0 = -4*o + 734 - 302. What is the remainder when o is divided by 22?
20
Suppose 0 - 14 = 3*q - 5*v, -v + 12 = 4*q. Let u be (-4)/((2 + -4)*1). Suppose -5 = -l + u. Calculate the remainder when l is divided by q.
1
Suppose -4 = 3*k - 5*k. Suppose k*x = 6*x + 5*r - 160, 3*r = 4*x - 160. Let d = -26 + x. What is the remainder when 51 is divided by d?
9
Let p be ((-8)/(-5))/((-6)/(-15)). Let c(z) = 10 + 7*z - 4 + p. What is the remainder when c(7) is divided by 15?
14
Let k be (-4)/(-1) - (0 + -1). Suppose -k*h + 1 + 9 = 0. What is the remainder when 15 is divided by h/5*(27 + -7)?
7
Suppose 58 = 753*j - 752*j. Calculate the remainder when j is divided by 13.
6
Let h(k) = k**3 + 14*k**2 + 11*k - 17. Let x be h(-13). Calculate the remainder when x/((-45)/82)*-5 is divided by 17.
14
Let x(c) = c**3 - 28*c**2 + 72*c + 83. Let s(v) = -v**2 - 10*v + 10. Calculate the remainder when s(-7) is divided by x(25).
7
Let t = -30 + 24. Let l(o) = -2*o**2 - 7*o + 2. Let r be l(t). Let m = -9 - r. What is the remainder when m is divided by 4?
3
Let a(k) = -k**2 - 15*k - 7. Let l(x) = 2*x**2 + 30*x + 14. Let h be l(-14). Calculate the remainder when 39 is divided by a(h).
4
Suppose 2*i - 135 = -5*s, -10 = -s - 0*i + 3*i. Calculate the remainder when 74 is divided by s.
24
Let i(m) = -2*m**3 - 4*m**2 + 4. Let x be i(-2). Suppose 0 = -k - x*t + 1 + 2, -k = -t - 3. What is the remainder when 11 is divided by k?
2
Suppose b + 2*p + p + 1 = 0, -4*b = 3*p - 23. Suppose 21 = 11*n - b*n. Suppose n*d = d + 138. Calculate the remainder when 43 is divided by d.
20
Suppose 21 = 5*y - 4. What is the remainder when (1 - -17)*y/2 is divided by 16?
13
Let r(v) = v**2 - v - 1. Let o be r(-3). Suppose -k = o*k - 156. Calculate the remainder when 20 is divided by k.
7
Let f = -45 + 79. What is the remainder when f is divided by 9?
7
Suppose u + 0*u = 230. Let j = u + -111. Let m(g) = -g**3 - 3*g**2 + 4*g + 10. What is the remainder when j is divided by m(-5)?
39
Suppose -2*r - 9*b + 50 = -6*b, 10 = -5*b. Calculate the remainder when 415 is divided by r.
23
Calculate the remainder when (33/(-11) - 3) + 205 is divided by 51.
46
Suppose 1790 + 310 = 21*x. What is the remainder when x is divided by 28?
16
Suppose -5*p + 2036 = -5*h - 1834, -h = 5*p - 3900. Calculate the remainder when p is divided by 11.
9
Let b be (-174)/54 + (-2)/(-9). Let h be b + (-6)/(-4)*4. Let o = h + 3. Calculate the remainder when 16 is divided by o.
4
Suppose 24*g = 21*g + 81. Calculate the remainder when g is divided by 14.
13
Let n = -218 + 263. Calculate the remainder when 269 is divided by n.
44
Let j be 124/(-6)*((-77)/14 + 4). Suppose -5*u = 3*x - 55, 4*u - x - 13 - j = 0. Calculate the remainder when u is divided by 6.
5
Suppose -4*f + f - 12 = 0, 4*x + 2*f = 8. Suppose -5*m + 13 = 3*q - 3, -5*q = -3*m + 30. What is the remainder when m is divided by x?
1
Let w(n) = -5*n + 60. What is the remainder when 413 is divided by w(-2)?
63
Suppose 4*h + 134 = -2*g, 5*h + g + 0*g + 172 = 0. Let b = h + 49. Calculate the remainder when 50 is divided by b.
8
Let t be 2*(-7)/(14/(-3)). Suppose 0 = -4*w - t*k + 335, -2*w - 3*k = w - 252. Calculate the remainder when w is divided by ((-15)/5)/((-1)/7).
20
Suppose -371 = -11*l - 85. Suppose -l = -6*u + 28. What is the remainder when 22 is divided by u?
4
Let c(i) = -15*i - 6. Let x(h) = -3*h**3 - h. Let j be x(1). Suppose 0 = -2*z + 22 + 6. What is the remainder when c(j) is divided by z?
12
Let o(y) = -y**3 + 2*y**2 - 31*y - 66. What is the remainder when 140 is divided by o(-2)?
8
Let l be ((48/(-20))/(-6))/((-2)/(-220)). Calculate the remainder when 153 is divided by l/(-2)*(-6 + 5).
21
Let m(k) be the third derivative of -k**6/120 + k**5/6 + 11*k**4/24 + k**3 + 3*k**2. Let t = 26 + -15. Calculate the remainder when m(t) is divided by 4.
2
Suppose 0 = -74*x + 17313 + 5849. What is the remainder when x is divided by 6?
1
Let n = 14 + -2. Suppose -10*r - 100 = -n*r. What is the remainder when r is divided by 13?
11
Let l(c) = -c**3 - 12*c**2 - 13*c - 8. Suppose -6*s = -s - 405. Calculate the remainder when s is divided by l(-11).
11
Suppose 2*f = -f - 5*b + 23, -2*f + 11 = -b. Suppose f*m + m = 182. What is the remainder when 51 is divided by m?
25
Let t(f) = 7*f - 3. Suppose -4*h + 4 = -4*q + 48, -2*q - h = -22. What is the remainder when t(q) is divided by 20?
14
Suppose -3*h - 3*a + 36 = -2*h, 0 = -3*h - 5*a + 100. What is the remainder when h is divided by 19?
11
Let w(t) = -20*t + 63. Let q be w(3). Let g = 1304 + -752. Suppose 4*z - q*m = 313, g - 157 = 5*z - 3*m. Calculate the remainder when z is divided by 21.
19
Suppose h + 4*c - 140 = 0, -c = 2*h + 2*c - 290. Calculate the remainder when h is divided by 30.
28
Let k(q) be the third derivative of -q**6/120 + q**5/30 + q**3/3 - 2*q**2. What is the remainder when 64 is divided by k(-2)?
10
Let m = -17 - -30. Suppose -3*d + z = -1 - 18, -4*d = z - 16. Suppose -q - d*g - 94 = -4*q, q = -5*g + 58. Calculate the remainder when q is divided by m.
12
Suppose 0 = -4*z + 2*y + 570, 3*z - 5*y + y = 415. What is the remainder when z is divided by 32?
17
Suppose 0 = -3*q - 0*q + 399. Suppose 3*a - 5*g = 135, -4*a + 2*g + 2*g + 180 = 0. What is the remainder when q is divided by a?
43
Suppose -22*n + 14208 = 1954. What is the remainder when n is divided by 14?
11
Let a be (1 - (-14)/(-7))*5*-1. Suppose z + 0*z + 327 = a*j, 3*z + 255 = 4*j. Calculate the remainder when j is divided by 23.
20
Calculate the remainder when 19 is divided by (-18)/(-12)*60/9.
9
Let j(m) = -m**2 + 2*m + 1. Let k be j(-1). Let f(c) = -9*c + 4. Let v be f(k). Let h = v - 12. Calculate the remainder when h is divided by 6.
4
Let h(m) = -m**3 - 7*m**2 + 19*m + 34. Calculate the remainder when h(-11) is divided by 24.
21
Let o be -2*(-3 - -4) + 16. Suppose -2*i = 4*v + o + 14, 5*i - v = -26. Let c(h) = -h**2 - 6*h + 5. What is the remainder when 9 is divided by c(i)?
4
Let s = -103 + 62. Let p = 62 + s. Suppose -2*z - z - f = -181, -3*z - 2*f = -179. Calculate the remainder when z is divided by p.
19
Let m(a) = 19*a + 3. Suppose 14*g = 7*g - 14. Let f be m(g). Let n = f - -59. Calculate the remainder when n is divided by 10.
4
Let f(s) = 103*s + 75. What is the remainder when f(2) is divided by 72?
65
Suppose 2*a + g - 10 = -1, -a - 2*g = -12. Calculate the remainder when (-1)/4*a*-46 is divided by (-2)/3 + (-82)/(-6).
10
What is the remainder when 142 is divided by (-6)/36*-111 + (-5)/10?
16
Let y = 30 + -50. Let k = y + 20. What is the remainder when 61 + (3 - (k - -2)) is divided by 21?
20
Let p(h) = -h**2 + 9*h + 4. Let s be p(7). Let f = -15 + s. Suppose -7*u = -4*u + 12, -2*q + f*u = -26. Calculate the remainder when q is divided by 4.
3
Calculate the remainder when 286*(-4 - 50/(-10)) is divided by 18.
16
Suppose 285 = 5*f - 150. Suppose -u - 2*u = -f. What is the remainder when 115 is divided by u?
28
Let h = -53 + 113. Let m = -42 + h. What is the remainder when 51 is divided by m?
15
Let t = 619 - 593. What is the remainder when 57 is divided by t?
5
Suppose -5*z = 2*l - 46, 3*l - 2 - 7 = 0. Let a be (8/(-12)*-6)/(2/30). What is the remainder wh